32 (base 4) to base 8
-1436
-201133 (base 5) to base 11
-4905
Convert 103024 (base 6) to base 2.
10000011111000
What is -2376 (base 8) in base 13?
-774
What is -1021 (base 3) in base 4?
-202
What is 748 (base 13) in base 8?
2333
Convert 511 (base 7) to base 10.
253
What is -45bd (base 14) in base 10?
-12123
-10398 (base 15) to base 7
-302660
7bc7 (base 13) to base 4
10033321
Convert -203131 (base 4) to base 2.
-100011011101
25057 (base 8) to base 13
4bb9
Convert -39a76 (base 11) to base 7.
-325515
What is -561 (base 8) in base 6?
-1413
Convert -201211 (base 6) to base 15.
-4a67
Convert -30b (base 12) to base 2.
-110111011
Convert -234413 (base 5) to base 3.
-102222110
Convert 175b (base 12) to base 14.
1047
Convert 14430 (base 10) to base 3.
201210110
Convert -1411 (base 6) to base 12.
-267
What is 884 (base 10) in base 11?
734
4b00 (base 16) to base 9
28303
What is 36c (base 13) in base 4?
21111
What is -102211 (base 3) in base 10?
-319
Convert -2423 (base 6) to base 13.
-366
What is 3640 (base 9) in base 15?
c09
a3a (base 14) to base 4
133130
What is -1a4 (base 15) in base 12?
-277
Convert -3417 (base 14) to base 4.
-2031031
Convert 228 (base 12) to base 7.
635
-34044 (base 6) to base 13
-2239
22d (base 14) to base 13
274
Convert -82611 (base 9) to base 8.
-152252
-2224 (base 6) to base 12
-374
Convert -1550 (base 11) to base 13.
-ba2
What is 4136 (base 8) in base 12?
12a6
What is 11010001100010 (base 2) in base 3?
200101200
What is 1422 (base 5) in base 13?
153
Convert 210506 (base 8) to base 13.
25ac5
What is -566 (base 9) in base 13?
-29a
Convert 245201 (base 6) to base 2.
101010110000001
What is -322242 (base 6) in base 2?
-110011101010010
-221 (base 6) to base 11
-78
What is -46c8 (base 13) in base 7?
-41025
Convert -3402 (base 7) to base 13.
-735
Convert -581a (base 11) to base 7.
-31200
2310 (base 6) to base 11
457
What is -11000100000 (base 2) in base 3?
-2011002
Convert 1201 (base 4) to base 12.
81
Convert 101222001 (base 3) to base 5.
223433
What is -350 (base 9) in base 6?
-1200
What is -195 (base 15) in base 16?
-16d
-47651 (base 8) to base 2
-100111110101001
338 (base 12) to base 4
13130
Convert -63460 (base 8) to base 6.
-322144
d56 (base 14) to base 15
b9e
Convert -5052 (base 10) to base 12.
-2b10
Convert -165 (base 13) to base 4.
-3330
-60a (base 13) to base 5
-13044
-23002 (base 4) to base 5
-10311
Convert 3b (base 14) to base 9.
58
What is 490 (base 11) in base 14?
2d9
183 (base 10) to base 3
20210
-10211002 (base 3) to base 14
-102b
Convert -77a (base 16) to base 10.
-1914
Convert -384 (base 13) to base 10.
-615
Convert 1043143 (base 5) to base 2.
100100001110100
Convert 12775 (base 8) to base 2.
1010111111101
What is -56a (base 16) in base 3?
-1220100
6b60 (base 15) to base 12
11253
-1577 (base 10) to base 3
-2011102
eb34 (base 15) to base 9
75244
Convert -4546 (base 7) to base 14.
-85d
What is 1011100111100 (base 2) in base 14?
224c
-1000011010001 (base 2) to base 11
-3264
Convert -806 (base 10) to base 6.
-3422
-2002012 (base 3) to base 11
-115a
Convert -706 (base 8) to base 6.
-2034
What is -13477 (base 8) in base 12?
-353b
142445 (base 6) to base 11
a212
-125532 (base 6) to base 13
-53c0
Convert -2eb3 (base 16) to base 14.
-44dd
What is -2000101 (base 3) in base 6?
-10444
-402 (base 12) to base 16
-242
What is 2033102 (base 4) in base 2?
10001111010010
Convert -408 (base 11) to base 15.
-22c
What is 57322 (base 8) in base 5?
1234044
What is -14178 (base 11) in base 13?
-9248
What is 23309 (base 10) in base 12?
115a5
What is 9b4 (base 16) in base 12?
1530
Convert -2918 (base 12) to base 2.
-1001010100100
Convert -2449 (base 10) to base 15.
-ad4
-308 (base 10) to base 13
-1a9
Convert -161510 (base 7) to base 4.
-13301000
What is -11116 (base 8) in base 5?
-122221
What is -4373 (base 10) in base 2?
-1000100010101
527 (base 15) to base 8
2212
Convert -8410 (base 9) to base 10.
-6165
13362 (base 7) to base 9
4863
What is -3569 (base 12) in base 16?
-1761
What is -103 (base 10) in base 9?
-124
Convert -9b23 (base 15) to base 3.
-1200002220
705 (base 8) to base 13
28b
Convert 190ab (base 13) to base 12.
24077
What is -e1e (base 15) in base 16?
-c6b
Convert 3913 (base 11) to base 9.
6882
What is -42154 (base 11) in base 4?
-32333132
What is 13545 (base 9) in base 14?
34ca
-2034 (base 10) to base 7
-5634
What is -639 (base 12) in base 13?
-54c
-5ce (base 15) to base 9
-1725
Convert 101 (base 16) to base 7.
515
-567 (base 11) to base 15
-303
46365 (base 9) to base 14
b3a8
Convert e03 (base 15) to base 3.
11022210
What is 21720 (base 8) in base 6?
110240
Convert 26029 (base 10) to base 14.
96b3
What is -101010101100 (base 2) in base 9?
-3665
Convert -1bd (base 15) to base 11.
-337
What is -11033 (base 6) in base 3?
-2002210
Convert 351233 (base 6) to base 12.
15519
202220 (base 4) to base 10
2216
Convert -5b8 (base 14) to base 8.
-2166
-1ea8 (base 16) to base 8
-17250
What is 4991 (base 12) in base 13?
3a2a
What is -1ea8 (base 16) in base 4?
-1322220
15250 (base 8) to base 2
1101010101000
What is 57d (base 16) in base 6?
10301
Convert 8710 (base 10) to base 4.
2020012
What is -11768 (base 10) in base 3?
-121010212
Convert 2432102 (base 5) to base 13.
17b7c
What is 1a928 (base 11) in base 10?
29070
1110000 (base 4) to base 15
18d6
-132 (base 10) to base 7
-246
-100201120 (base 3) to base 5
-211324
Convert -101 (base 7) to base 4.
-302
What is -30231 (base 8) in base 2?
-11000010011001
What is 9714 (base 10) in base 4?
2113302
What is 19bd (base 15) in base 3?
21122121
Convert -8a2 (base 13) to base 6.
-10512
What is 5413 (base 6) in base 12?
869
10533 (base 6) to base 14
78d
4809 (base 13) to base 16
27a5
-897 (base 15) to base 13
-b65
What is 21243 (base 9) in base 13?
651c
What is 15341 (base 6) in base 10?
2509
10101001110 (base 2) to base 5
20413
Convert 487 (base 11) to base 13.
357
Convert -12721 (base 8) to base 9.
-7585
Convert -34242 (base 7) to base 3.
-102221100
Convert -1000 (base 3) to base 4.
-123
What is -31366 (base 7) in base 5?
-221431
Convert 10ce (base 15) to base 8.
6761
What is 220202 (base 4) in base 8?
5042
Convert 12102001 (base 3) to base 12.
2347
-374 (base 10) to base 14
-1ca
-13a34 (base 13) to base 16
-9015
Convert 35062 (base 10) to base 7.
204136
Convert 1011211112 (base 3) to base 5.
1220312
Convert -6057 (base 8) to base 3.
-11021112
5c4 (base 16) to base 2
10111000100
What is -100110000111101 (base 2) in base 7?
-110621
1033103 (base 4) to base 2
1001111010011
Convert -3050 (base 8) to base 14.
-808
What is -618 (base 11) in base 2?
-1011101001
Convert -5465 (base 7) to base 11.
-1520
4486 (base 9) to base 14
12d0
Convert 34204 (base 6) to base 8.
11334
124717 (base 8) to base 11
2a72a
-42655 (base 8) to base 15
-5442
What is 6133 (base 10) in base 9?
8364
Convert 100011101010 (base 2) to base 11.
1795
What is 33253 (base 6) in base 10?
4641
Convert -1a92 (base 12) to base 2.
-110011001110
-1004240 (base 5) to base 2
-11111101000011
Convert 2163 (base 7) to base 2.
1100001100
What is 203 (base 8) in base 16?
83
d8f (base 16) to base 11
2676
-14442 (base 12) to base 10
-28274
34013 (base 8) to base 6
150231
Convert 223223 (base 4) to base 6.
20535
-10220 (base 5) to base 11
-573
32899 (base 10) to base 2
1000000010000011
Convert -13011 (base 4) to base 10.
-453
What is 12a9 (base 13) in base 2?
101001110010
Convert 71a (base 16) to base 15.
813
What is b (base 16) in base 11?
10
-10010000001001 (base 2) to base 10
-9225
3332 (base 4) to base 12
192
Convert 51553 (base 6) to base 10.
6909
-243 (base 6) to base 7
-201
What is -101000011 (base 2) in base 5?
-2243
What is 360 (base 8) in base 16?
f0
Convert 111010211 (base 3) to base 16.
256c
db9b (base 14) to base 10
37965
What is -1324 (base 13) in base 10?
-2734
-43177 (base 9) to base 8
-67646
What is 2634 (base 16) in base 14?
37c8
-11128 (base 14) to base 8
-120660
What is 13021 (base 5) in base 13?
5ca
Convert 303 (base 9) to base 4.
3312
What is 12331 (base 6) in base 4?
130333
Convert 10a67 (base 11) to base 15.
4ab9
What is -13 (base 6) in base 12?
-9
10221210 (base 3) to base 2
101101000011
6c2 (base 15) to base 7
4316
Convert -10000201001 (base 3) to base 8.
-164253
Convert 495 (base 11) to base 7.
1500
What is -34410 (base 5) in bas